{"id":87069,"date":"2025-08-22T15:47:35","date_gmt":"2025-08-22T18:47:35","guid":{"rendered":"https:\/\/growbrands.net\/neworder\/?page_id=87069"},"modified":"2026-03-25T15:45:49","modified_gmt":"2026-03-25T18:45:49","slug":"pueblo-nativo-muy-nativo-jueves-a-sabado","status":"publish","type":"page","link":"https:\/\/growbrands.net\/neworder\/pueblo-nativo-muy-nativo-jueves-a-sabado\/","title":{"rendered":"Pueblo Nativo &#8211; Muy nativo &#8211; Jueves a S\u00e1bado"},"content":{"rendered":"<div class=\"vce-row-container\"><div class=\"vce-row vce-element--has-background vce-row--col-gap-30 vce-row-columns--top vce-row-content--top\" id=\"el-7e54f482\" data-vce-do-apply=\"all el-7e54f482\"><div class=\"vce-content-background-container\"><\/div><div class=\"vce-row-content\" data-vce-element-content=\"true\"><div class=\"vce-col vce-col--md-auto vce-col--xs-1 vce-col--xs-last vce-col--xs-first vce-col--sm-last vce-col--sm-first vce-col--md-last vce-col--lg-last vce-col--xl-last vce-col--md-first vce-col--lg-first vce-col--xl-first\" id=\"el-9cde0be9\"><div class=\"vce-col-inner\" data-vce-do-apply=\"border margin background  el-9cde0be9\"><div class=\"vce-col-content\" data-vce-element-content=\"true\" data-vce-do-apply=\"padding el-9cde0be9\"><div class=\"vce-row-container\"><div class=\"vce-row vce-row--col-gap-30 vce-row-columns--top vce-row-content--top\" id=\"el-3c4732fa\" data-vce-do-apply=\"all el-3c4732fa\"><div class=\"vce-row-content\" data-vce-element-content=\"true\"><div class=\"vce-col vce-col--md-auto vce-col--xs-1 vce-col--xs-last vce-col--xs-first vce-col--sm-last vce-col--sm-first vce-col--md-last vce-col--lg-last vce-col--xl-last vce-col--md-first vce-col--lg-first vce-col--xl-first\" id=\"el-c352bbe5\"><div class=\"vce-col-inner\" data-vce-do-apply=\"border margin background  el-c352bbe5\"><div class=\"vce-col-content\" data-vce-element-content=\"true\" data-vce-do-apply=\"padding el-c352bbe5\"><div class=\"vce-single-image-container vce-single-image--align-center\"><div class=\"vce vce-single-image-wrapper\" id=\"el-7e0868ab\" data-vce-do-apply=\"all el-7e0868ab\"><figure><div class=\"vce-single-image-inner vce-single-image--absolute vce-single-image--border-rounded\" style=\"padding-bottom: 27.7344%; width: 1024px;\"><img class=\"vce-single-image\" width=\"1024\" height=\"284\"src=\"https:\/\/growbrands.net\/neworder\/wp-content\/uploads\/2026\/03\/banner-muy-nativo-1024x284.png\" srcset=\"https:\/\/growbrands.net\/neworder\/wp-content\/uploads\/2026\/03\/banner-muy-nativo-320x89.png 320w,https:\/\/growbrands.net\/neworder\/wp-content\/uploads\/2026\/03\/banner-muy-nativo-480x133.png 480w,https:\/\/growbrands.net\/neworder\/wp-content\/uploads\/2026\/03\/banner-muy-nativo-800x222.png 800w,https:\/\/growbrands.net\/neworder\/wp-content\/uploads\/2026\/03\/banner-muy-nativo-1024x284.png 1024w\" data-img-src=\"https:\/\/growbrands.net\/neworder\/wp-content\/uploads\/2026\/01\/banner-muy-nativo.png\" alt=\"\" title=\"banner-muy-nativo\" \/><\/div><figcaption hidden=\"\"><\/figcaption><\/figure><\/div><\/div><\/div><\/div><\/div><\/div><\/div><\/div><div class=\"vce-row-container\"><div class=\"vce-row vce-row--col-gap-30 vce-row-columns--top vce-row-content--top\" id=\"el-dd7358c8\" data-vce-do-apply=\"all el-dd7358c8\"><div class=\"vce-row-content\" data-vce-element-content=\"true\"><div class=\"vce-col vce-col--md-auto vce-col--xs-1 vce-col--xs-last vce-col--xs-first vce-col--sm-last vce-col--sm-first vce-col--md-last vce-col--lg-last vce-col--xl-last vce-col--md-first vce-col--lg-first vce-col--xl-first\" id=\"el-1d4a9a6f\"><div class=\"vce-col-inner\" data-vce-do-apply=\"border margin background  el-1d4a9a6f\"><div class=\"vce-col-content\" data-vce-element-content=\"true\" data-vce-do-apply=\"padding el-1d4a9a6f\"><div class=\"vce-single-image-container vce-single-image--align-center\"><div class=\"vce vce-single-image-wrapper\" id=\"el-4d515287\" data-vce-do-apply=\"all el-4d515287\"><figure><div class=\"vce-single-image-inner vce-single-image--absolute\" style=\"padding-bottom: 46.875%; width: 2560px;\"><img class=\"vce-single-image\" width=\"2560\" height=\"1200\"src=\"https:\/\/growbrands.net\/neworder\/wp-content\/uploads\/2026\/03\/IMG_4565-scaled-2560x1200.jpg\" srcset=\"https:\/\/growbrands.net\/neworder\/wp-content\/uploads\/2026\/03\/IMG_4565-scaled-320x150.jpg 320w,https:\/\/growbrands.net\/neworder\/wp-content\/uploads\/2026\/03\/IMG_4565-scaled-480x225.jpg 480w,https:\/\/growbrands.net\/neworder\/wp-content\/uploads\/2026\/03\/IMG_4565-scaled-800x375.jpg 800w,https:\/\/growbrands.net\/neworder\/wp-content\/uploads\/2026\/03\/IMG_4565-scaled-2560x1200.jpg 2560w\" data-img-src=\"https:\/\/growbrands.net\/neworder\/wp-content\/uploads\/2025\/08\/IMG_4565-scaled.jpg\" alt=\"\" title=\"IMG_4565\" \/><\/div><figcaption hidden=\"\"><\/figcaption><\/figure><\/div><\/div><\/div><\/div><\/div><\/div><\/div><\/div><div class=\"vce-row-container\"><div class=\"vce-row vce-row--col-gap-30 vce-row-columns--top vce-row-content--top\" id=\"el-bf3c20c6\" data-vce-do-apply=\"all el-bf3c20c6\"><div class=\"vce-row-content\" data-vce-element-content=\"true\"><div class=\"vce-col vce-col--md-auto vce-col--xs-1 vce-col--xs-last vce-col--xs-first vce-col--sm-last vce-col--sm-first vce-col--md-last vce-col--lg-last vce-col--xl-last vce-col--md-first vce-col--lg-first vce-col--xl-first\" id=\"el-cd86c2b7\"><div class=\"vce-col-inner\" data-vce-do-apply=\"border margin background  el-cd86c2b7\"><div class=\"vce-col-content\" data-vce-element-content=\"true\" data-vce-do-apply=\"padding el-cd86c2b7\"><div class=\"vce-text-block\"><div class=\"vce-text-block-wrapper vce\" id=\"el-b18ff806\" data-vce-do-apply=\"all el-b18ff806\"><h2 style=\"text-align: center;\"><span style=\"color: #ffffff;\"><span dir=\"auto\" style=\"vertical-align: inherit;\"><span dir=\"auto\" style=\"vertical-align: inherit;\">Muy Nativo nuestro restaurante insignia<\/span><\/span><\/span><\/h2>\n<p style=\"text-align: center;\"><span style=\"color: #ffffff;\"><span style=\"font-size: 18.6667px; font-weight: 400;\"><span dir=\"auto\" style=\"vertical-align: inherit;\"><span dir=\"auto\" style=\"vertical-align: inherit;\"><em>O<\/em>frece una selecci\u00f3n exclusiva de platos internacionales con sabores aut\u00e9nticos de la regi\u00f3n, con un enfoque m\u00e1s elegante y sofisticado. Ideal para una cena especial con men\u00faes a la carta. <\/span><\/span><\/span><\/span><\/p>\n<p style=\"text-align: center;\"><span style=\"font-size: 18.6667px; color: #ffffff;\"><strong><span dir=\"auto\" style=\"vertical-align: inherit;\"><span dir=\"auto\" style=\"vertical-align: inherit;\">Dress Code:<\/span><\/span><\/strong><span dir=\"auto\" style=\"vertical-align: inherit;\"><span dir=\"auto\" style=\"vertical-align: inherit;\"> Elegante. <\/span><\/span><strong><span dir=\"auto\" style=\"vertical-align: inherit;\"><span dir=\"auto\" style=\"vertical-align: inherit;\">Horarios: <\/span><\/span><\/strong><span dir=\"auto\" style=\"vertical-align: inherit;\"><span dir=\"auto\" style=\"vertical-align: inherit;\">Abierto todo el a\u00f1o por la noche. <\/span><\/span><\/span><\/p>\n<p style=\"text-align: center;\"><span style=\"font-size: 18.6667px; color: #ffffff;\"><span dir=\"auto\" style=\"vertical-align: inherit;\"><span dir=\"auto\" style=\"vertical-align: inherit;\">(*) Con costo adicional de $18.000, no incluido en la tarifa.<\/span><\/span><\/span><\/p>\n<h2 style=\"text-align: center;\"><span style=\"color: #ffffff;\"><span dir=\"auto\" style=\"vertical-align: inherit;\">Snacks + aperitivos<\/span><\/span><\/h2>\n<h3 style=\"text-align: center;\"><strong><span style=\"color: #ffffff;\"><span dir=\"auto\" style=\"vertical-align: inherit;\">ENTRADAS<\/span><\/span><\/strong><\/h3>\n<p style=\"text-align: center;\"><span style=\"color: #ffffff;\"><span style=\"font-size: 18.6667px;\">Empanada Cordobesa cortada a cuchillo<\/span><\/span><\/p>\n<p style=\"text-align: center;\"><span style=\"color: #ffffff;\"><span style=\"font-size: 18.6667px;\">Mollejas grilladas, cremoso de humita y choclo grillado<\/span><\/span><\/p>\n<p style=\"text-align: center;\"><span style=\"color: #ffffff;\"><span style=\"font-size: 18.6667px;\">Sopa de vegetales<\/span><\/span><\/p>\n<p style=\"text-align: center;\"><span style=\"color: #ffffff;\"><span style=\"font-size: 18.6667px;\">Provoleta, tomates confitados y pimientos asados<\/span><\/span><\/p>\n<p>&nbsp;<\/p>\n<h2 style=\"text-align: center;\"><span style=\"color: #ffffff;\"><span dir=\"auto\" style=\"vertical-align: inherit;\"><span dir=\"auto\" style=\"vertical-align: inherit;\">Platos principales&nbsp;<\/span><\/span><\/span><\/h2>\n<p style=\"text-align: center;\"><a style=\"text-decoration-line: underline; color: #ffffff;\" href=\"..\/wp-content\/uploads\/2025\/08\/icono-veggie-blanco-01.png\"><img class=\"alignnone wp-image-86729 \" src=\"..\/wp-content\/uploads\/2025\/08\/icono-veggie-blanco-01-300x300.png\" alt=\"\" width=\"26\" height=\"26\"><\/a><span style=\"color: #ffffff;\"><span style=\"font-size: 18.6667px;\">&nbsp;Humita con queso brie<\/span><\/span><\/p>\n<p style=\"text-align: center;\"><span style=\"color: #ffffff;\"><span style=\"font-size: 18.6667px;\">&nbsp;<\/span><\/span><span style=\"font-size: 18.6667px; color: #ffffff; text-align: center;\">Lingote de cabrito, cremoso de papa y calabaza de C\u00f3rdoba<\/span><\/p>\n<p style=\"text-align: center;\"><span style=\"font-size: 18.6667px; color: #ffffff; text-align: center;\">Bife de chorizo con cremoso de zanahoria, zanahorias asadas, papine y chimichurri<\/span><span style=\"color: #ffffff;\"><span style=\"font-size: 18.6667px;\">&nbsp;<\/span><\/span><\/p>\n<p style=\"text-align: center;\"><a style=\"text-decoration-line: underline; color: #ffffff;\" href=\"..\/wp-content\/uploads\/2025\/08\/icono-veggie-blanco-01.png\"><img class=\"alignnone wp-image-86729 \" src=\"..\/wp-content\/uploads\/2025\/08\/icono-veggie-blanco-01-300x300.png\" alt=\"\" width=\"26\" height=\"26\"><\/a><span style=\"font-size: 18.6667px; color: #ffffff; text-align: center;\">\u00d1oquis caseros de papa con salsa de hongos de pino de las sierras<\/span><\/p>\n<p style=\"text-align: center;\"><span style=\"color: #ffffff;\"><span style=\"font-size: 18.6667px;\">&nbsp;<\/span><\/span><span style=\"font-size: 18.6667px; color: #ffffff; text-align: center;\">Pesca del d\u00eda con ensalada de trigo y vegetales<\/span><\/p>\n<h2 style=\"text-align: center;\"><span style=\"color: #ffffff;\"><span dir=\"auto\" style=\"vertical-align: inherit;\">Grill<\/span><\/span><\/h2>\n<h2 style=\"text-align: center;\"><span style=\"color: #ffffff;\"><span dir=\"auto\" style=\"vertical-align: inherit;\"><br><span style=\"font-size: 18.6667px; font-weight: 400; font-style: normal;\">Bife de chorizo*<br><\/span><span style=\"font-weight: 400; font-style: normal; font-size: 14pt;\">Pollo deshuesado*<br>Pesca del d\u00eda*<br><span style=\"font-size: 18.6667px;\"><a style=\"color: #ffffff;\" href=\"..\/wp-content\/uploads\/2025\/08\/icono-veggie-blanco-01.png\"><img class=\"alignnone wp-image-86729 \" src=\"..\/wp-content\/uploads\/2025\/08\/icono-veggie-blanco-01-300x300.png\" alt=\"\" width=\"26\" height=\"26\"><\/a>Repollo grillado y gremolatta<br><br><\/span><em>Las opciones de grill vienen acompa\u00f1adas de degustaci\u00f3n de guarniciones.<\/em><\/span><\/span><\/span><\/h2>\n<h2 style=\"text-align: center;\"><span style=\"color: #ffffff;\"><span dir=\"auto\" style=\"vertical-align: inherit;\">Degustaci\u00f3n de guarniciones<\/span><\/span><\/h2>\n<h2 style=\"text-align: center;\"><span style=\"color: #ffffff;\"><span dir=\"auto\" style=\"vertical-align: inherit;\"><span style=\"font-weight: 400; font-style: normal; font-size: 14pt;\">Papas fritas<br>Pur\u00e9 de boniatos<br>Vegetales asados<br><br><\/span><\/span><\/span><\/h2>\n<h2 style=\"text-align: center;\"><span style=\"color: #ffffff;\"><span dir=\"auto\" style=\"vertical-align: inherit;\">Ensaladas<br><\/span><\/span><\/h2>\n<h2 style=\"text-align: center;\"><span dir=\"auto\" style=\"vertical-align: inherit;\"><span style=\"color: #ffffff;\"><span style=\"font-size: 14pt; font-weight: 400;\">Ensalada Caesar (opcional con pollo)<\/span><\/span><br><span style=\"color: #ffffff;\"><span style=\"font-size: 18.6667px; font-weight: 400;\">Hojas de r\u00facula, peras, queso az\u00fal y nueces<\/span><\/span><\/span><\/h2>\n<p style=\"text-align: center;\"><span style=\"color: #ffffff;\"><span style=\"font-size: 18.6667px;\">Remolachas asadas, dressing con menta, nueces y eneldo, queso de cabra, pickles de<\/span><\/span><\/p>\n<p style=\"text-align: center;\">&nbsp;<\/p>\n<p style=\"text-align: center;\"><span style=\"color: #ffffff;\"><span style=\"font-size: 18.6667px;\">remolacha y mermelada casera de peras<\/span><\/span><\/p>\n<h2 style=\"text-align: center;\"><span style=\"color: #ffffff;\"><span dir=\"auto\" style=\"vertical-align: inherit;\"><span dir=\"auto\" style=\"vertical-align: inherit;\">Postre<\/span><\/span><\/span><\/h2>\n<p style=\"text-align: center;\"><span style=\"color: #ffffff;\"><span style=\"font-size: 18.6667px;\">Creme Brul\u00e9e de calabaza de C\u00f3rdoba con semillas caramelizadas<\/span><\/span><\/p>\n<p style=\"text-align: center;\"><span style=\"color: #ffffff;\"><span style=\"font-size: 18.6667px;\">Brie de C\u00f3rdoba con frutas caseras en alm\u00edbar y frutos secos<\/span><\/span><\/p>\n<p style=\"text-align: center;\"><span style=\"color: #ffffff;\"><span style=\"font-size: 18.6667px;\">Pavlova de peperina, frutas de estaci\u00f3n y crema diplomata<\/span><\/span><\/p>\n<p style=\"text-align: center;\"><span style=\"color: #ffffff;\"><span style=\"font-size: 18.6667px;\">Cremoso de chocolate, frutillas y merengue<\/span><\/span><\/p>\n<p style=\"text-align: center;\"><span style=\"color: #ffffff;\"><span style=\"font-size: 18.6667px;\">Flan casero con dulce de leche y crema chantilly<\/span><\/span><\/p>\n<h2 style=\"text-align: center;\"><span style=\"font-size: 14pt;\"><span style=\"color: #ffffff;\"><span dir=\"auto\" style=\"vertical-align: inherit;\">Men\u00fa de Ni\u00f1os<\/span><\/span><strong data-start=\"2418\" data-end=\"2441\"><span style=\"color: #ffffff;\"><span dir=\"auto\" style=\"vertical-align: inherit;\"><br>Menores de 12 a\u00f1os<\/span><\/span><\/strong><\/span><\/h2>\n<p style=\"text-align: center;\"><span style=\"color: #ffffff;\"><span style=\"font-size: 18.6667px;\"><span dir=\"auto\" style=\"vertical-align: inherit;\">Milanesas de pollo o carne con guarnici\u00f3n<br>Bifes de ternera o pollo con guarnici\u00f3n<br>Tallarines con salsa a elecci\u00f3n<\/span><\/span><\/span><\/p>\n<p>&nbsp;<\/p>\n<p style=\"text-align: center;\"><span style=\"font-size: 14pt;\"><strong data-start=\"2418\" data-end=\"2441\"><span dir=\"auto\" style=\"vertical-align: inherit;\"><span dir=\"auto\" style=\"vertical-align: inherit;\"><img class=\"emoji\" role=\"img\" draggable=\"false\" src=\"https:\/\/s.w.org\/images\/core\/emoji\/17.0.2\/svg\/26a0.svg\" alt=\"&#x26a0;&#xfe0f;\"><\/span><\/span><span style=\"color: #ffffff;\"><span dir=\"auto\" style=\"vertical-align: inherit;\"><span dir=\"auto\" style=\"vertical-align: inherit;\"> Nota importante: este men\u00fa tiene un costo de $18.000 por persona. <\/span><\/span><\/span><\/strong><span style=\"color: #ffffff;\"><span dir=\"auto\" style=\"vertical-align: inherit;\"><span dir=\"auto\" style=\"vertical-align: inherit;\">Consultar en recepci\u00f3n o al interno 9804.<\/span><\/span><\/span><\/span><\/p><\/div><\/div><\/div><\/div><\/div><\/div><\/div><\/div><div class=\"vce-row-container\"><div class=\"vce-row vce-row--col-gap-30 vce-row-columns--top vce-row-content--top\" id=\"el-1d44ad38\" data-vce-do-apply=\"all el-1d44ad38\"><div class=\"vce-row-content\" data-vce-element-content=\"true\"><div class=\"vce-col vce-col--md-auto vce-col--xs-1 vce-col--xs-last vce-col--xs-first vce-col--sm-last vce-col--sm-first vce-col--md-last vce-col--lg-last vce-col--xl-last vce-col--md-first vce-col--lg-first vce-col--xl-first\" id=\"el-bbc028dc\"><div class=\"vce-col-inner\" data-vce-do-apply=\"border margin background  el-bbc028dc\"><div class=\"vce-col-content\" data-vce-element-content=\"true\" data-vce-do-apply=\"padding el-bbc028dc\"><div class=\"vce-button--style-outline-container vce-button--style-outline-container--align-center\"><span class=\"vce-button--style-outline-wrapper vce\" id=\"el-d898d1a6\" data-vce-do-apply=\"margin el-d898d1a6\"><a class=\"vce-button--style-outline-animated vce-button--style-outline--border-round vce-button--style-outline--size-medium vce-button--style-outline-animated--color-e3e3e3--fff--3d3d3d vce-button--style-outline-animated--border-color-e3e3e3--3d3d3d vce-button--style-outline-animated--background-color-3d3d3d\" href=\"https:\/\/growbrands.net\/neworder\/pueblo-nativo-gastronomia\/\" title=\"\" data-vce-do-apply=\"padding border background  el-d898d1a6\"><span class=\"vce-button--style-outline-text\">Volver<\/span><\/a><\/span><\/div><div class=\"vce-single-image-container vce-single-image--align-center\"><div class=\"vce vce-single-image-wrapper\" id=\"el-7352f1c2\" data-vce-do-apply=\"all el-7352f1c2\"><figure><a href=\"https:\/\/growbrands.net\/neworder\/pueblo-nativo-gastronomia\/\" title=\"\" target=\"_blank\" class=\"vce-single-image-inner vce-single-image--absolute\" style=\"padding-bottom: 45.8716%; width: 218px;\"><img class=\"vce-single-image\" width=\"218\" height=\"100\"src=\"https:\/\/growbrands.net\/neworder\/wp-content\/uploads\/2026\/03\/IMAGOTIPO-PUEBLO-NATIVO-BLANCO-218x100.png\" srcset=\"https:\/\/growbrands.net\/neworder\/wp-content\/uploads\/2026\/03\/IMAGOTIPO-PUEBLO-NATIVO-BLANCO-218x100.png 218w\" data-img-src=\"https:\/\/growbrands.net\/neworder\/wp-content\/uploads\/2026\/01\/IMAGOTIPO-PUEBLO-NATIVO-BLANCO.png\" alt=\"\" title=\"IMAGOTIPO-PUEBLO-NATIVO-BLANCO\" \/><\/a><figcaption hidden=\"\"><\/figcaption><\/figure><\/div><\/div><\/div><\/div><\/div><\/div><\/div><\/div><\/div><\/div><\/div><\/div><\/div><\/div>\n","protected":false},"excerpt":{"rendered":"<p>Muy Nativo nuestro restaurante insignia Ofrece una selecci\u00f3n exclusiva de platos internacionales con sabores aut\u00e9nticos de la regi\u00f3n, con un enfoque m\u00e1s elegante y sofisticado. Ideal para una cena especial con men\u00faes a la carta. Dress Code: Elegante. Horarios: Abierto todo el a\u00f1o por la &hellip; <\/p>\n","protected":false},"author":34,"featured_media":0,"parent":0,"menu_order":0,"comment_status":"closed","ping_status":"closed","template":"","meta":{"_monsterinsights_skip_tracking":false,"_monsterinsights_sitenote_active":false,"_monsterinsights_sitenote_note":"","_monsterinsights_sitenote_category":0,"footnotes":""},"coauthors":[77,133],"class_list":["post-87069","page","type-page","status-publish","hentry"],"_links":{"self":[{"href":"https:\/\/growbrands.net\/neworder\/wp-json\/wp\/v2\/pages\/87069","targetHints":{"allow":["GET"]}}],"collection":[{"href":"https:\/\/growbrands.net\/neworder\/wp-json\/wp\/v2\/pages"}],"about":[{"href":"https:\/\/growbrands.net\/neworder\/wp-json\/wp\/v2\/types\/page"}],"author":[{"embeddable":true,"href":"https:\/\/growbrands.net\/neworder\/wp-json\/wp\/v2\/users\/34"}],"replies":[{"embeddable":true,"href":"https:\/\/growbrands.net\/neworder\/wp-json\/wp\/v2\/comments?post=87069"}],"version-history":[{"count":16,"href":"https:\/\/growbrands.net\/neworder\/wp-json\/wp\/v2\/pages\/87069\/revisions"}],"predecessor-version":[{"id":90721,"href":"https:\/\/growbrands.net\/neworder\/wp-json\/wp\/v2\/pages\/87069\/revisions\/90721"}],"wp:attachment":[{"href":"https:\/\/growbrands.net\/neworder\/wp-json\/wp\/v2\/media?parent=87069"}],"wp:term":[{"taxonomy":"author","embeddable":true,"href":"https:\/\/growbrands.net\/neworder\/wp-json\/wp\/v2\/coauthors?post=87069"}],"curies":[{"name":"wp","href":"https:\/\/api.w.org\/{rel}","templated":true}]}}