{"id":85598,"date":"2025-06-14T13:43:19","date_gmt":"2025-06-14T16:43:19","guid":{"rendered":"https:\/\/growbrands.net\/neworder\/?page_id=85598"},"modified":"2026-03-12T10:40:02","modified_gmt":"2026-03-12T13:40:02","slug":"pueblo-nativo-infinity-bar","status":"publish","type":"page","link":"https:\/\/growbrands.net\/neworder\/pueblo-nativo-infinity-bar\/","title":{"rendered":"Pueblo Nativo &#8211; Infinity Bar"},"content":{"rendered":"<div class=\"vce-row-container\" id=\"Infinity \"><div class=\"vce-row vce-element--has-background vce-row--col-gap-30 vce-row-columns--top vce-row-content--top\" id=\"el-7e54f482\" data-vce-do-apply=\"all el-7e54f482\"><div class=\"vce-content-background-container\"><\/div><div class=\"vce-row-content\" data-vce-element-content=\"true\"><div class=\"vce-col vce-col--md-auto vce-col--xs-1 vce-col--xs-last vce-col--xs-first vce-col--sm-last vce-col--sm-first vce-col--md-last vce-col--lg-last vce-col--xl-last vce-col--md-first vce-col--lg-first vce-col--xl-first\" id=\"el-9cde0be9\"><div class=\"vce-col-inner\" data-vce-do-apply=\"border margin background  el-9cde0be9\"><div class=\"vce-col-content\" data-vce-element-content=\"true\" data-vce-do-apply=\"padding el-9cde0be9\"><div class=\"vce-row-container\"><div class=\"vce-row vce-row--col-gap-30 vce-row-columns--top vce-row-content--top\" id=\"el-3c4732fa\" data-vce-do-apply=\"all el-3c4732fa\"><div class=\"vce-row-content\" data-vce-element-content=\"true\"><div class=\"vce-col vce-col--md-auto vce-col--xs-1 vce-col--xs-last vce-col--xs-first vce-col--sm-last vce-col--sm-first vce-col--md-last vce-col--lg-last vce-col--xl-last vce-col--md-first vce-col--lg-first vce-col--xl-first\" id=\"el-c352bbe5\"><div class=\"vce-col-inner\" data-vce-do-apply=\"border margin background  el-c352bbe5\"><div class=\"vce-col-content\" data-vce-element-content=\"true\" data-vce-do-apply=\"padding el-c352bbe5\"><div class=\"vce-single-image-container vce-single-image--align-left\"><div class=\"vce vce-single-image-wrapper\" id=\"el-d124c819\" data-vce-do-apply=\"all el-d124c819\"><figure><div class=\"vce-single-image-inner vce-single-image--absolute\" style=\"padding-bottom: 27.7344%; width: 1024px;\"><img class=\"vce-single-image\" width=\"1024\" height=\"284\"src=\"https:\/\/growbrands.net\/neworder\/wp-content\/uploads\/2026\/01\/banner-infiniy-fuegos-1024x284.png\" srcset=\"https:\/\/growbrands.net\/neworder\/wp-content\/uploads\/2026\/01\/banner-infiniy-fuegos-320x89.png 320w,https:\/\/growbrands.net\/neworder\/wp-content\/uploads\/2026\/01\/banner-infiniy-fuegos-480x133.png 480w,https:\/\/growbrands.net\/neworder\/wp-content\/uploads\/2026\/01\/banner-infiniy-fuegos-800x222.png 800w,https:\/\/growbrands.net\/neworder\/wp-content\/uploads\/2026\/01\/banner-infiniy-fuegos-1024x284.png 1024w\" data-img-src=\"https:\/\/growbrands.net\/neworder\/wp-content\/uploads\/2026\/01\/banner-infiniy-fuegos.png\" alt=\"\" title=\"banner-infiniy-fuegos\" \/><\/div><figcaption hidden=\"\"><\/figcaption><\/figure><\/div><\/div><\/div><\/div><\/div><\/div><\/div><\/div><div class=\"vce-row-container\"><div class=\"vce-row vce-row--col-gap-30 vce-row-columns--top vce-row-content--top\" id=\"el-bf3c20c6\" data-vce-do-apply=\"all el-bf3c20c6\"><div class=\"vce-row-content\" data-vce-element-content=\"true\"><div class=\"vce-col vce-col--md-auto vce-col--xs-1 vce-col--xs-last vce-col--xs-first vce-col--sm-last vce-col--sm-first vce-col--md-last vce-col--lg-last vce-col--xl-last vce-col--md-first vce-col--lg-first vce-col--xl-first\" id=\"el-cd86c2b7\"><div class=\"vce-col-inner\" data-vce-do-apply=\"border margin background  el-cd86c2b7\"><div class=\"vce-col-content\" data-vce-element-content=\"true\" data-vce-do-apply=\"padding el-cd86c2b7\"><div class=\"vce-text-block\"><div class=\"vce-text-block-wrapper vce\" id=\"el-b18ff806\" data-vce-do-apply=\"all el-b18ff806\"><p style=\"text-align: center;\"><span style=\"color: #6e5b49;\"><span style=\"font-size: 14pt;\"><span style=\"font-size: 18pt;\"><strong><span style=\"font-size: 16pt;\">Sandwiches a la minute<\/span><br><\/strong><\/span><\/span><em><span style=\"font-size: 14pt;\">Grill<br><\/span><\/em><span style=\"font-size: 14pt;\">Bondiola de cerdo<\/span><span style=\"font-size: 14pt;\"><br>Pollo<br>Chorizo bomb\u00f3n<br><\/span><span style=\"font-size: 14pt;\">Hamburguesa de carne o vegana<\/span><\/span><\/p>\n<p style=\"text-align: center;\"><span style=\"color: #6e5b49;\"><em><span style=\"font-size: 14pt;\">Sandwiches fr\u00edos<\/span><\/em><span style=\"font-size: 14pt;\"><br><\/span><span style=\"font-size: 14pt;\">Jam\u00f3n cocido y queso<br><\/span><span style=\"font-size: 14pt;\">Jam\u00f3n crudo y queso<\/span><em><span style=\"font-size: 14pt;\"><br><\/span><\/em><\/span><\/p>\n<p style=\"text-align: center;\"><span style=\"color: #6e5b49;\"><em><span style=\"font-size: 14pt;\">Opciones<br><\/span><\/em><span style=\"font-size: 14pt;\">Tomate<\/span><span style=\"font-size: 14pt;\"><br>Lechuga<br>Repollo<br>Cebolla natural<br>Salsa criolla<br><\/span><span style=\"font-size: 14pt;\">Chimichurri<br><\/span><em><span style=\"font-size: 14pt;\"><br><\/span><\/em><span style=\"font-size: 14pt;\">Papas Fritas<\/span><span style=\"font-size: 14pt;\"><br>Cheddar<br><\/span><span style=\"font-size: 14pt;\">Ketchup<\/span><\/span><\/p><\/div><\/div><div class=\"vce-button--style-outline-container vce-button--style-outline-container--align-center\"><span class=\"vce-button--style-outline-wrapper vce\" id=\"el-64c432d0\" data-vce-do-apply=\"margin el-64c432d0\"><a class=\"vce-button--style-outline-animated vce-button--style-outline--border-round vce-button--style-outline--size-medium vce-button--style-outline-animated--color-b-110-91-73--fff--3d3d3d vce-button--style-outline-animated--border-color-b-110-91-73--3d3d3d vce-button--style-outline-animated--background-color-b-142-125-108\" href=\"https:\/\/growbrands.net\/neworder\/pueblo-nativo-gastronomia\/\" title=\"Volver\" data-vce-do-apply=\"padding border background  el-64c432d0\"><span class=\"vce-button--style-outline-text\">VOLVER<\/span><\/a><\/span><\/div><\/div><\/div><\/div><\/div><\/div><\/div><div class=\"vce-row-container\"><div class=\"vce-row vce-row--col-gap-30 vce-row-columns--top vce-row-content--top\" id=\"el-1d44ad38\" data-vce-do-apply=\"all el-1d44ad38\"><div class=\"vce-row-content\" data-vce-element-content=\"true\"><div class=\"vce-col vce-col--md-auto vce-col--xs-1 vce-col--xs-last vce-col--xs-first vce-col--sm-last vce-col--sm-first vce-col--md-last vce-col--lg-last vce-col--xl-last vce-col--md-first vce-col--lg-first vce-col--xl-first\" id=\"el-bbc028dc\"><div class=\"vce-col-inner\" data-vce-do-apply=\"border margin background  el-bbc028dc\"><div class=\"vce-col-content\" data-vce-element-content=\"true\" data-vce-do-apply=\"padding el-bbc028dc\"><div class=\"vce-single-image-container vce-single-image--align-center\"><div class=\"vce vce-single-image-wrapper\" id=\"el-91b91935\" data-vce-do-apply=\"all el-91b91935\"><figure><div class=\"vce-single-image-inner vce-single-image--absolute\" style=\"padding-bottom: 52.6316%; width: 190px;\"><img class=\"vce-single-image\" width=\"190\" height=\"100\"src=\"https:\/\/growbrands.net\/neworder\/wp-content\/uploads\/2026\/01\/IMAGOTIPO-PUEBLO-NATIVO-BEIGE-190x100.png\" srcset=\"https:\/\/growbrands.net\/neworder\/wp-content\/uploads\/2026\/01\/IMAGOTIPO-PUEBLO-NATIVO-BEIGE-190x100.png 190w\" data-img-src=\"https:\/\/growbrands.net\/neworder\/wp-content\/uploads\/2026\/01\/IMAGOTIPO-PUEBLO-NATIVO-BEIGE.png\" alt=\"\" title=\"IMAGOTIPO-PUEBLO-NATIVO-BEIGE\" \/><\/div><figcaption hidden=\"\"><\/figcaption><\/figure><\/div><\/div><\/div><\/div><\/div><\/div><\/div><\/div><\/div><\/div><\/div><\/div><\/div><\/div>\n","protected":false},"excerpt":{"rendered":"<p>Sandwiches a la minuteGrillBondiola de cerdoPolloChorizo bomb\u00f3nHamburguesa de carne o vegana Sandwiches fr\u00edosJam\u00f3n cocido y quesoJam\u00f3n crudo y queso OpcionesTomateLechugaRepolloCebolla naturalSalsa criollaChimichurriPapas FritasCheddarKetchupVOLVER<\/p>\n","protected":false},"author":34,"featured_media":0,"parent":0,"menu_order":0,"comment_status":"closed","ping_status":"closed","template":"","meta":{"_monsterinsights_skip_tracking":false,"_monsterinsights_sitenote_active":false,"_monsterinsights_sitenote_note":"","_monsterinsights_sitenote_category":0,"footnotes":""},"coauthors":[77,133],"class_list":["post-85598","page","type-page","status-publish","hentry"],"_links":{"self":[{"href":"https:\/\/growbrands.net\/neworder\/wp-json\/wp\/v2\/pages\/85598","targetHints":{"allow":["GET"]}}],"collection":[{"href":"https:\/\/growbrands.net\/neworder\/wp-json\/wp\/v2\/pages"}],"about":[{"href":"https:\/\/growbrands.net\/neworder\/wp-json\/wp\/v2\/types\/page"}],"author":[{"embeddable":true,"href":"https:\/\/growbrands.net\/neworder\/wp-json\/wp\/v2\/users\/34"}],"replies":[{"embeddable":true,"href":"https:\/\/growbrands.net\/neworder\/wp-json\/wp\/v2\/comments?post=85598"}],"version-history":[{"count":11,"href":"https:\/\/growbrands.net\/neworder\/wp-json\/wp\/v2\/pages\/85598\/revisions"}],"predecessor-version":[{"id":89680,"href":"https:\/\/growbrands.net\/neworder\/wp-json\/wp\/v2\/pages\/85598\/revisions\/89680"}],"wp:attachment":[{"href":"https:\/\/growbrands.net\/neworder\/wp-json\/wp\/v2\/media?parent=85598"}],"wp:term":[{"taxonomy":"author","embeddable":true,"href":"https:\/\/growbrands.net\/neworder\/wp-json\/wp\/v2\/coauthors?post=85598"}],"curies":[{"name":"wp","href":"https:\/\/api.w.org\/{rel}","templated":true}]}}