{"id":84138,"date":"2025-04-07T01:43:52","date_gmt":"2025-04-07T04:43:52","guid":{"rendered":"https:\/\/growbrands.net\/neworder\/?page_id=84138"},"modified":"2026-04-02T11:27:01","modified_gmt":"2026-04-02T14:27:01","slug":"el-ruedo-pizzas","status":"publish","type":"page","link":"https:\/\/growbrands.net\/neworder\/el-ruedo-pizzas\/","title":{"rendered":"El Ruedo &#8211; Pizzas"},"content":{"rendered":"<div class=\"vce-row-container\"><div class=\"vce-row vce-element--has-background vce-row--col-gap-30 vce-row-columns--top vce-row-content--top\" id=\"el-1f096c6d\" data-vce-do-apply=\"all el-1f096c6d\"><div class=\"vce-content-background-container\"><div class=\"vce-asset-parallax-container vce-visible-all-only\" data-vce-assets-parallax=\".vce-asset-parallax\" data-vce-assets-parallax-speed=\"40\" data-vce-assets-parallax-reverse=\"false\"><div class=\"vce-asset-parallax\" style=\"top: -40vh; bottom: -40vh; transform: translateY(18.0406vh);\"><\/div><\/div><\/div><div class=\"vce-row-content\" data-vce-element-content=\"true\"><div class=\"vce-col vce-col--md-auto vce-col--xs-1 vce-col--xs-last vce-col--xs-first vce-col--sm-last vce-col--sm-first vce-col--md-last vce-col--lg-last vce-col--xl-last vce-col--md-first vce-col--lg-first vce-col--xl-first\" id=\"el-999bc871\"><div class=\"vce-col-inner\" data-vce-do-apply=\"border margin background  el-999bc871\"><div class=\"vce-col-content\" data-vce-element-content=\"true\" data-vce-do-apply=\"padding el-999bc871\"><div class=\"vce-single-image-container vce-single-image--align-center\"><div class=\"vce vce-single-image-wrapper\" id=\"el-9ddb1731\" data-vce-do-apply=\"all el-9ddb1731\"><figure><div class=\"vce-single-image-inner vce-single-image--absolute\" style=\"padding-bottom: 55.6667%; width: 300px;\"><img class=\"vce-single-image\" width=\"300\" height=\"167\"src=\"https:\/\/growbrands.net\/neworder\/wp-content\/uploads\/2026\/04\/logo.el_.ruedo_-300x167.jpg\" srcset=\"https:\/\/growbrands.net\/neworder\/wp-content\/uploads\/2026\/04\/logo.el_.ruedo_-300x167.jpg 300w\" data-img-src=\"https:\/\/growbrands.net\/neworder\/wp-content\/uploads\/2025\/04\/logo.el_.ruedo_.jpg\" alt=\"\" title=\"logo.el.ruedo\" \/><\/div><figcaption hidden=\"\"><\/figcaption><\/figure><\/div><\/div><div class=\"vce-row-container\"><div class=\"vce-row vce-row--col-gap-30 vce-row-columns--top vce-row-content--top\" id=\"el-bbd98eac\" data-vce-do-apply=\"all el-bbd98eac\"><div class=\"vce-content-background-container\"><\/div><div class=\"vce-row-content\" data-vce-element-content=\"true\"><div class=\"vce-col vce-col--md-auto vce-col--xs-1 vce-col--xs-last vce-col--xs-first vce-col--sm-last vce-col--sm-first vce-col--md-last vce-col--lg-last vce-col--xl-last vce-col--md-first vce-col--lg-first vce-col--xl-first\" id=\"el-6e39d68a\"><div class=\"vce-col-inner\" data-vce-do-apply=\"border margin background  el-6e39d68a\"><div class=\"vce-col-content\" data-vce-element-content=\"true\" data-vce-do-apply=\"padding el-6e39d68a\"><div class=\"vce-text-block\"><div class=\"vce-text-block-wrapper vce\" id=\"el-c348088c\" data-vce-do-apply=\"all el-c348088c\"><p>Horarios:<br>Lunes a s\u00e1bado de 07 a 01:30&nbsp;<br>Domingos y feriados de 08 a 01:30<br>Delivery ( Rappi\/Pedidos Ya ) 12:00 pm a 01:00 am<\/p><\/div><\/div><\/div><\/div><\/div><\/div><\/div><\/div><div class=\"vce-row-container\"><div class=\"vce-row vce-row--col-gap-30 vce-row-columns--top vce-row-content--top\" id=\"el-2c19023e\" data-vce-do-apply=\"all el-2c19023e\"><div class=\"vce-content-background-container\"><\/div><div class=\"vce-row-content\" data-vce-element-content=\"true\"><div class=\"vce-col vce-col--md-auto vce-col--xs-1 vce-col--xs-last vce-col--xs-first vce-col--sm-last vce-col--sm-first vce-col--md-last vce-col--lg-last vce-col--xl-last vce-col--md-first vce-col--lg-first vce-col--xl-first\" id=\"el-28b0a544\"><div class=\"vce-col-inner\" data-vce-do-apply=\"border margin background  el-28b0a544\"><div class=\"vce-col-content\" data-vce-element-content=\"true\" data-vce-do-apply=\"padding el-28b0a544\"><div class=\"vce-text-block\"><div class=\"vce-text-block-wrapper vce\" id=\"el-53b2cad6\" data-vce-do-apply=\"all el-53b2cad6\"><table style=\"width: 100%;\" width=\"100%\">\n<tbody>\n<tr>\n<td style=\"width: 45.8528%;\" width=\"323\"><strong><span style=\"font-size: 16pt; font-family: 'Archivo Narrow';\"><span data-sheets-value=\"{&quot;1&quot;:2,&quot;2&quot;:&quot;Ensaladas&quot;}\" data-sheets-userformat=\"{&quot;2&quot;:14849,&quot;3&quot;:{&quot;1&quot;:0},&quot;12&quot;:0,&quot;14&quot;:{&quot;1&quot;:2,&quot;2&quot;:3355443},&quot;15&quot;:&quot;Arial, sans-serif&quot;,&quot;16&quot;:12}\">PIZZAS<\/span><\/span><\/strong><\/td>\n<td style=\"width: 21.1449%; text-align: right;\"><strong>P<\/strong>izzeta<br><strong>M<\/strong>edia<br><strong>E<\/strong>ntera<\/td>\n<\/tr>\n<tr>\n<td style=\"width: 45.8528%;\">MUZZARELLA<br>Salsa, muzzarela, or\u00e9gano y aceitunas<\/td>\n<td style=\"width: 21.1449%; text-align: right;\">P - $6,000<br>M - $9,500<br>E- $16,700<\/td>\n<\/tr>\n<tr>\n<td style=\"width: 45.8528%;\">MUZZARELLA ESPECIAL<br>Salsa, muzzarella, huevo duro, morrones, or\u00e9gano y aceitunas<\/td>\n<td style=\"width: 21.1449%; text-align: right;\">P- $7,200<br>M - $11,500<br>E - $18,700<\/td>\n<\/tr>\n<tr>\n<td style=\"width: 45.8528%;\">ESPECIAL<br>Salsa, muzzarella, jam\u00f3n cocido, or\u00e9gano y aceitunas<\/td>\n<td style=\"width: 21.1449%; text-align: right;\">P- $7,200<br>M - $11,500<br>E - $18,700<\/td>\n<\/tr>\n<tr>\n<td style=\"width: 45.8528%;\">S\u00daPER<br>Salsa, muzzarella, jam\u00f3n cocido, morrones, anchoas, or\u00e9gano y aceitunas<\/td>\n<td style=\"width: 21.1449%; text-align: right;\">P - $8,000<br>M - $13,400<br>E - $21,400<\/td>\n<\/tr>\n<tr>\n<td style=\"width: 45.8528%;\">NAPOLITANA<br>Salsa, muzzarella, tomate en rodajas, or\u00e9gano y aceitunas<\/td>\n<td style=\"width: 21.1449%; text-align: right;\">P - $7,200<br>M - $11,500<br>E - $18,700<\/td>\n<\/tr>\n<tr>\n<td style=\"width: 45.8528%;\">NAPOLITANA ESPECIAL<br>Salsa, muzzarella, jam\u00f3n cocido, tomate en rodajas, or\u00e9gano y aceitunas<\/td>\n<td style=\"width: 21.1449%; text-align: right;\">P - $8,000<br>M - $13,400<br>E - $21,400<\/td>\n<\/tr>\n<tr>\n<td style=\"width: 45.8528%;\">PROVENZAL<br>Salsa, muzzarella, provenzal y aceitunas<\/td>\n<td style=\"width: 21.1449%; text-align: right;\">P- $7,200<br>M - $11,500<br>E - $18,700<\/td>\n<\/tr>\n<tr>\n<td style=\"width: 45.8528%;\">PALMITOS<br>Salsa, muzzarella, jampon cocido, palmitos, salsa golf, morrones, or\u00e9gano y aceitunas<\/td>\n<td style=\"width: 21.1449%; text-align: right;\">P - $12,200<br>M - $16,200<br>E - $31,600<\/td>\n<\/tr>\n<tr>\n<td style=\"width: 45.8528%;\">ROQUEFORT<br>Salsa, muzzarella, queso roquefort, or\u00e9gano y aceitunas<\/td>\n<td style=\"width: 21.1449%; text-align: right;\">P - $10,400<br>M - $13,700<br>E - $26,900<\/td>\n<\/tr>\n<tr>\n<td style=\"width: 45.8528%;\">CALABRESA<br>Salsa, muzzarella, salame, or\u00e9gano y aceituas<\/td>\n<td style=\"width: 21.1449%; text-align: right;\">P- $8,000<br>M - $13,400<br>E - $21,400<\/td>\n<\/tr>\n<tr>\n<td style=\"width: 45.8528%;\">FUGAZZETA<br>Salsa, muzzarella, cebolla, or\u00e9gano y aceitunas<\/td>\n<td style=\"width: 21.1449%; text-align: right;\">P - $7,200<br>M - $11,500<br>E - $18,700<\/td>\n<\/tr>\n<tr>\n<td style=\"width: 45.8528%;\">EL RUEDO<br>Salsa, muzzarella, jam\u00f3n cocido, anan\u00e1, or\u00e9gano y aceitunas negras<\/td>\n<td style=\"width: 21.1449%; text-align: right;\">P - $10,400<br>M - $13,700<br>E - $26,900<\/td>\n<\/tr>\n<tr>\n<td style=\"width: 45.8528%;\">R\u00daCULA<br>Salsa, muzzarella, r\u00facula, jam\u00f3n crudo, queso parmesano, or\u00e9gano y aceitunas negras<\/td>\n<td style=\"width: 21.1449%; text-align: right;\">P - $10,400<br>M - $13,700<br>E - $26,900<\/td>\n<\/tr>\n<tr>\n<td style=\"width: 45.8528%;\">CHAMPIGNONES<br>Salsa, muzzarella, champignones, or\u00e9gano y aceitunas<\/td>\n<td style=\"width: 21.1449%; text-align: right;\">P - $10,400<br>M - $13,700<br>E - $26,900<\/td>\n<\/tr>\n<tr>\n<td style=\"width: 45.8528%;\">CUATRO QUESOS<br>Salsa, muzzarella, parmesano, tybo, queso azul, or\u00e9gano y aceitunas<\/td>\n<td style=\"width: 21.1449%; text-align: right;\">P - $10,400<br>M - $13,700<br>E - $26,900<\/td>\n<\/tr>\n<\/tbody>\n<\/table><\/div><\/div><div class=\"vce-single-image-container vce-single-image--align-center\"><div class=\"vce vce-single-image-wrapper\" id=\"el-fba6aa43\" data-vce-do-apply=\"all el-fba6aa43\"><figure><div class=\"vce-single-image-inner vce-single-image--absolute\" style=\"padding-bottom: 149.489%; width: 685px;\"><img class=\"vce-single-image\" width=\"685\" height=\"1024\"src=\"https:\/\/growbrands.net\/neworder\/wp-content\/uploads\/2026\/04\/DSC_0357-scaled-685x1024.jpg\" srcset=\"https:\/\/growbrands.net\/neworder\/wp-content\/uploads\/2026\/04\/DSC_0357-scaled-320x478.jpg 320w,https:\/\/growbrands.net\/neworder\/wp-content\/uploads\/2026\/04\/DSC_0357-scaled-480x718.jpg 480w,https:\/\/growbrands.net\/neworder\/wp-content\/uploads\/2026\/04\/DSC_0357-scaled-685x1024.jpg 685w\" data-img-src=\"https:\/\/growbrands.net\/neworder\/wp-content\/uploads\/2025\/08\/DSC_0357-scaled.jpg\" alt=\"\" title=\"DSC_0357\" \/><\/div><figcaption hidden=\"\"><\/figcaption><\/figure><\/div><\/div><\/div><\/div><\/div><\/div><\/div><\/div><div class=\"vce-button--style-outline-container vce-button--style-outline-container--align-center\"><span class=\"vce-button--style-outline-wrapper vce vce-button--style-outline-wrapper--stretched\" id=\"el-cda34e8a\" data-vce-do-apply=\"margin el-cda34e8a\"><a class=\"vce-button--style-outline-animated vce-button--style-outline--border-round vce-button--style-outline--size-medium vce-button--style-outline-animated--color-b-47-47-47--fff--3d3d3d vce-button--style-outline-animated--border-color-b-62-61-61--3d3d3d vce-button--style-outline-animated--background-color-b-47-47-47\" href=\"https:\/\/growbrands.net\/neworder\/el-ruedo-inicio\/\" title=\"\" data-vce-do-apply=\"padding border background  el-cda34e8a\"><span class=\"vce-button--style-outline-text\">VOLVER<\/span><\/a><\/span><\/div><div class=\"vce-single-image-container vce-single-image--align-left\"><div class=\"vce vce-single-image-wrapper\" id=\"el-db19513c\" data-vce-do-apply=\"all el-db19513c\"><figure><div class=\"vce-single-image-inner vce-single-image--absolute\" style=\"padding-bottom: 177.778%; width: 576px;\"><img class=\"vce-single-image\" width=\"576\" height=\"1024\"src=\"https:\/\/growbrands.net\/neworder\/wp-content\/uploads\/2026\/04\/952F6044-13B0-47B6-A129-AFD89DE0B599-576x1024.jpeg\" srcset=\"https:\/\/growbrands.net\/neworder\/wp-content\/uploads\/2026\/04\/952F6044-13B0-47B6-A129-AFD89DE0B599-320x569.jpeg 320w,https:\/\/growbrands.net\/neworder\/wp-content\/uploads\/2026\/04\/952F6044-13B0-47B6-A129-AFD89DE0B599-480x853.jpeg 480w,https:\/\/growbrands.net\/neworder\/wp-content\/uploads\/2026\/04\/952F6044-13B0-47B6-A129-AFD89DE0B599-576x1024.jpeg 576w\" data-img-src=\"https:\/\/growbrands.net\/neworder\/wp-content\/uploads\/2025\/09\/952F6044-13B0-47B6-A129-AFD89DE0B599.jpeg\" alt=\"\" title=\"952F6044-13B0-47B6-A129-AFD89DE0B599\" \/><\/div><figcaption hidden=\"\"><\/figcaption><\/figure><\/div><\/div><\/div><\/div><\/div><\/div><\/div><\/div><div class=\"vce-row-container\"><div class=\"vce-row vce-row--col-gap-30 vce-row-columns--top vce-row-content--top\" id=\"el-034f0b1b\" data-vce-do-apply=\"all el-034f0b1b\"><div class=\"vce-row-content\" data-vce-element-content=\"true\"><div class=\"vce-col vce-col--md-auto vce-col--xs-1 vce-col--xs-last vce-col--xs-first vce-col--sm-last vce-col--sm-first vce-col--md-last vce-col--lg-last vce-col--xl-last vce-col--md-first vce-col--lg-first vce-col--xl-first\" id=\"el-79c96dd8\"><div class=\"vce-col-inner\" data-vce-do-apply=\"border margin background  el-79c96dd8\"><div class=\"vce-col-content\" data-vce-element-content=\"true\" data-vce-do-apply=\"padding el-79c96dd8\"><div class=\"vce-widgets-container\"><div class=\"vce vce-widgets-wrapper\" id=\"el-45f7dd9e\" data-vce-do-apply=\"all el-45f7dd9e\"><div class=\"textwidget custom-html-widget\"><div style=\"text-align; background-color:#000;\">\n<p style=\"text-align: center;\"><a href=\"http:\/\/www.neworder.menu\" target=\"_blank\" style=\"text-decoration:none;\"><span style=\"color:#ffffff;\">New Order: QR Digital Menu <br By Grow Brands<\/span><\/a><\/p>\n\t<\/div><\/div><\/div><\/div><\/div><\/div><\/div><\/div><\/div><\/div>\n","protected":false},"excerpt":{"rendered":"<p>Horarios:Lunes a s\u00e1bado de 07 a 01:30&nbsp;Domingos y feriados de 08 a 01:30Delivery ( Rappi\/Pedidos Ya ) 12:00 pm a 01:00 am PIZZAS PizzetaMediaEntera MUZZARELLASalsa, muzzarela, or\u00e9gano y aceitunas P &#8211; $6,000M &#8211; $9,500E- $16,700 MUZZARELLA ESPECIALSalsa, muzzarella, huevo duro, morrones, or\u00e9gano y aceitunas P- &hellip; <\/p>\n","protected":false},"author":12,"featured_media":0,"parent":0,"menu_order":0,"comment_status":"closed","ping_status":"closed","template":"","meta":{"_monsterinsights_skip_tracking":false,"_monsterinsights_sitenote_active":false,"_monsterinsights_sitenote_note":"","_monsterinsights_sitenote_category":0,"footnotes":""},"coauthors":[71,128],"class_list":["post-84138","page","type-page","status-publish","hentry"],"_links":{"self":[{"href":"https:\/\/growbrands.net\/neworder\/wp-json\/wp\/v2\/pages\/84138","targetHints":{"allow":["GET"]}}],"collection":[{"href":"https:\/\/growbrands.net\/neworder\/wp-json\/wp\/v2\/pages"}],"about":[{"href":"https:\/\/growbrands.net\/neworder\/wp-json\/wp\/v2\/types\/page"}],"author":[{"embeddable":true,"href":"https:\/\/growbrands.net\/neworder\/wp-json\/wp\/v2\/users\/12"}],"replies":[{"embeddable":true,"href":"https:\/\/growbrands.net\/neworder\/wp-json\/wp\/v2\/comments?post=84138"}],"version-history":[{"count":29,"href":"https:\/\/growbrands.net\/neworder\/wp-json\/wp\/v2\/pages\/84138\/revisions"}],"predecessor-version":[{"id":90783,"href":"https:\/\/growbrands.net\/neworder\/wp-json\/wp\/v2\/pages\/84138\/revisions\/90783"}],"wp:attachment":[{"href":"https:\/\/growbrands.net\/neworder\/wp-json\/wp\/v2\/media?parent=84138"}],"wp:term":[{"taxonomy":"author","embeddable":true,"href":"https:\/\/growbrands.net\/neworder\/wp-json\/wp\/v2\/coauthors?post=84138"}],"curies":[{"name":"wp","href":"https:\/\/api.w.org\/{rel}","templated":true}]}}