{"id":68305,"date":"2023-11-14T22:15:31","date_gmt":"2023-11-15T01:15:31","guid":{"rendered":"https:\/\/growbrands.net\/neworder\/?page_id=68305"},"modified":"2026-01-16T19:14:57","modified_gmt":"2026-01-16T22:14:57","slug":"emilia-richieri-tragos","status":"publish","type":"page","link":"https:\/\/growbrands.net\/neworder\/emilia-richieri-tragos\/","title":{"rendered":"La Emilia &#8211; Richieri &#8211; Tragos"},"content":{"rendered":"<div class=\"vce-row-container\"><div class=\"vce-row vce-element--has-background vce-row--col-gap-30 vce-row-columns--top vce-row-content--top\" id=\"el-1f096c6d\" data-vce-do-apply=\"all el-1f096c6d\"><div class=\"vce-content-background-container\"><div class=\"vce-asset-parallax-container vce-visible-all-only\" data-vce-assets-parallax=\".vce-asset-parallax\" data-vce-assets-parallax-speed=\"40\" data-vce-assets-parallax-reverse=\"false\"><div class=\"vce-asset-parallax\" style=\"top: -40vh; bottom: -40vh; transform: translateY(6.84657vh);\"><\/div><\/div><\/div><div class=\"vce-row-content\" data-vce-element-content=\"true\"><div class=\"vce-col vce-col--md-auto vce-col--xs-1 vce-col--xs-last vce-col--xs-first vce-col--sm-last vce-col--sm-first vce-col--md-last vce-col--lg-last vce-col--xl-last vce-col--md-first vce-col--lg-first vce-col--xl-first\" id=\"el-999bc871\"><div class=\"vce-col-inner\" data-vce-do-apply=\"border margin background  el-999bc871\"><div class=\"vce-col-content\" data-vce-element-content=\"true\" data-vce-do-apply=\"padding el-999bc871\"><div class=\"vce-single-image-container vce-single-image--align-center\"><div class=\"vce vce-single-image-wrapper\" id=\"el-9ddb1731\" data-vce-do-apply=\"all el-9ddb1731\"><figure><div class=\"vce-single-image-inner vce-single-image--absolute\" style=\"padding-bottom: 34.1797%; width: 1024px;\"><img class=\"vce-single-image\" width=\"1024\" height=\"350\"src=\"https:\/\/growbrands.net\/neworder\/wp-content\/uploads\/2026\/01\/logo-nuevo-fondo-blanco-e1714843438391-1024x350.png\" srcset=\"https:\/\/growbrands.net\/neworder\/wp-content\/uploads\/2026\/01\/logo-nuevo-fondo-blanco-e1714843438391-320x109.png 320w,https:\/\/growbrands.net\/neworder\/wp-content\/uploads\/2026\/01\/logo-nuevo-fondo-blanco-e1714843438391-480x164.png 480w,https:\/\/growbrands.net\/neworder\/wp-content\/uploads\/2026\/01\/logo-nuevo-fondo-blanco-e1714843438391-800x273.png 800w,https:\/\/growbrands.net\/neworder\/wp-content\/uploads\/2026\/01\/logo-nuevo-fondo-blanco-e1714843438391-1024x350.png 1024w\" data-img-src=\"https:\/\/growbrands.net\/neworder\/wp-content\/uploads\/2024\/04\/logo-nuevo-fondo-blanco-e1714843438391.png\" alt=\"\" title=\"logo nuevo fondo blanco\" \/><\/div><figcaption hidden=\"\"><\/figcaption><\/figure><\/div><\/div><div class=\"vce-row-container\"><div class=\"vce-row vce-row--col-gap-30 vce-row-columns--top vce-row-content--top\" id=\"el-bbd98eac\" data-vce-do-apply=\"all el-bbd98eac\"><div class=\"vce-content-background-container\"><\/div><div class=\"vce-row-content\" data-vce-element-content=\"true\"><div class=\"vce-col vce-col--md-auto vce-col--xs-1 vce-col--xs-last vce-col--xs-first vce-col--sm-last vce-col--sm-first vce-col--md-last vce-col--lg-last vce-col--xl-last vce-col--md-first vce-col--lg-first vce-col--xl-first\" id=\"el-6e39d68a\"><div class=\"vce-col-inner\" data-vce-do-apply=\"border margin background  el-6e39d68a\"><div class=\"vce-col-content\" data-vce-element-content=\"true\" data-vce-do-apply=\"padding el-6e39d68a\"><div class=\"vce-text-block\"><div class=\"vce-text-block-wrapper vce\" id=\"el-c348088c\" data-vce-do-apply=\"all el-c348088c\"><p>Horarios:<br><strong>Lunes a S\u00e1bado<\/strong>&nbsp;de 12:30 hs. a 15:30 hs. y 20:30 hs. a 00:00hs<br><strong>Domingo<\/strong>&nbsp;de&nbsp; 12:30 hs. a 15:00 hs.<\/p><\/div><\/div><\/div><\/div><\/div><\/div><\/div><\/div><div class=\"vce-row-container\"><div class=\"vce-row vce-row--col-gap-30 vce-row-columns--top vce-row-content--top\" id=\"el-2c19023e\" data-vce-do-apply=\"all el-2c19023e\"><div class=\"vce-content-background-container\"><\/div><div class=\"vce-row-content\" data-vce-element-content=\"true\"><div class=\"vce-col vce-col--md-auto vce-col--xs-1 vce-col--xs-last vce-col--xs-first vce-col--sm-last vce-col--sm-first vce-col--md-last vce-col--lg-last vce-col--xl-last vce-col--md-first vce-col--lg-first vce-col--xl-first\" id=\"el-28b0a544\"><div class=\"vce-col-inner\" data-vce-do-apply=\"border margin background  el-28b0a544\"><div class=\"vce-col-content\" data-vce-element-content=\"true\" data-vce-do-apply=\"padding el-28b0a544\"><div class=\"vce-text-block\"><div class=\"vce-text-block-wrapper vce\" id=\"el-9b895008\" data-vce-do-apply=\"all el-9b895008\"><table style=\"width: 100%;\" width=\"100%\"><tbody><tr style=\"height: 31px;\"><td style=\"width: 76.7204%; height: 31px;\" width=\"323\"><strong><span style=\"font-size: 16pt; font-family: 'Archivo Narrow';\"><span data-sheets-value=\"{&quot;1&quot;:2,&quot;2&quot;:&quot;Ensaladas&quot;}\" data-sheets-userformat=\"{&quot;2&quot;:14849,&quot;3&quot;:{&quot;1&quot;:0},&quot;12&quot;:0,&quot;14&quot;:{&quot;1&quot;:2,&quot;2&quot;:3355443},&quot;15&quot;:&quot;Arial, sans-serif&quot;,&quot;16&quot;:12}\">BEBIDAS<br><\/span><\/span><\/strong><\/td><td style=\"text-align: right; width: 20.8627%; height: 31px;\" width=\"75\">&nbsp;<\/td><\/tr><tr><td style=\"width: 76.7204%;\" width=\"243\">Mojito<br>Ron Bacardi, jugo de lim\u00f3n, alm\u00edbar y menta<br>- Cl\u00e1sico<br>- Maracuy\u00e1<br>- Frutos rojos<\/td><td style=\"width: 20.8627%; text-align: right;\" width=\"80\">$ 10.500<\/td><\/tr><tr><td style=\"width: 76.7204%;\">Tom Collins<br>Gin , alm\u00edbar y jugo de lim\u00f3n<\/td><td style=\"width: 20.8627%; text-align: right;\">$ 11.000<\/td><\/tr><tr><td style=\"width: 76.7204%;\">Caipirinha<br>Cacha\u00e7a, alm\u00edbar y lim\u00f3n<br>- Maracuy\u00e1<br>- Frutos rojos<\/td><td style=\"width: 20.8627%; text-align: right;\">$ 10.000<\/td><\/tr><tr><td style=\"width: 76.7204%;\">Cynar Julepe<br>Cynar, alm\u00edbar, lim\u00f3n, menta y soda o t\u00f3nica<\/td><td style=\"width: 20.8627%; text-align: right;\">$ 9.500<\/td><\/tr><tr><td style=\"width: 76.7204%;\">Aperol Spritz<br>Aperol y champagne<\/td><td style=\"width: 20.8627%; text-align: right;\">$ 10.000<\/td><\/tr><tr><td style=\"width: 76.7204%;\">Garibaldi<br>Campari y jugo de naranja<\/td><td style=\"width: 20.8627%; text-align: right;\">$ 9.100<\/td><\/tr><tr><td style=\"width: 76.7204%;\">Campari Tonic<br>Campari y agua t\u00f3nica<\/td><td style=\"width: 20.8627%; text-align: right;\">$ 10.000<\/td><\/tr><tr><td style=\"width: 76.7204%;\">Gin<br>Gin Bombay (medida)<\/td><td style=\"width: 20.8627%; text-align: right;\">$ 11.000<\/td><\/tr><tr><td style=\"width: 76.7204%;\">Gin<br>Gin Brokers(medida)<\/td><td style=\"width: 20.8627%; text-align: right;\">$10.500<\/td><\/tr><tr><td style=\"width: 76.7204%;\">Gin<br>Gin Gordons(medida)<\/td><td style=\"width: 20.8627%; text-align: right;\">$ 9.000<\/td><\/tr><tr><td style=\"width: 76.7204%;\">Gin<br>Gin Tanqueray(medida)<\/td><td style=\"width: 20.8627%; text-align: right;\">$ 9.000<\/td><\/tr><tr><td style=\"width: 76.7204%;\">Gin<br>Gin Beefeater(medida)<\/td><td style=\"width: 20.8627%; text-align: right;\">$ 9.500<\/td><\/tr><tr><td style=\"width: 76.7204%;\">Gancia Batido<br>Gancia, alm\u00edbar y lim\u00f3n<\/td><td style=\"width: 20.8627%; text-align: right;\">$ 8.500<\/td><\/tr><tr><td style=\"width: 76.7204%;\">Cuba Libre<br>Ron Havana Dorado, Coca Cola y lim\u00f3n<\/td><td style=\"width: 20.8627%; text-align: right;\">$ 11.000<\/td><\/tr><tr><td style=\"width: 76.7204%;\">Passion Julepe<br>Vermouth rosso, alm\u00edbar de frutos rojos y jugo de pomelo<\/td><td style=\"width: 20.8627%; text-align: right;\">$ 10.000<\/td><\/tr><tr><td style=\"width: 76.7204%;\">Negroni<br>Gin , Campari y vermut Martini Rosso<\/td><td style=\"width: 20.8627%; text-align: right;\">$ 12.500<\/td><\/tr><tr><td style=\"width: 76.7204%;\">Fernet<br>Fernet Branca (medida)<\/td><td style=\"width: 20.8627%; text-align: right;\">$ 8.500<\/td><\/tr><\/tbody><\/table><\/div><\/div><\/div><\/div><\/div><\/div><\/div><\/div><div class=\"vce-button--style-outline-container vce-button--style-outline-container--align-center\"><span class=\"vce-button--style-outline-wrapper vce vce-button--style-outline-wrapper--stretched\" id=\"el-cda34e8a\" data-vce-do-apply=\"margin el-cda34e8a\"><a class=\"vce-button--style-outline-animated vce-button--style-outline--border-round vce-button--style-outline--size-medium vce-button--style-outline-animated--color-b-47-47-47--fff--3d3d3d vce-button--style-outline-animated--border-color-b-62-61-61--3d3d3d vce-button--style-outline-animated--background-color-b-47-47-47\" href=\"https:\/\/growbrands.net\/neworder\/emilia-richieri-inicio\/\" title=\"\" data-vce-do-apply=\"padding border background  el-cda34e8a\"><span class=\"vce-button--style-outline-text\">VOLVER<\/span><\/a><\/span><\/div><\/div><\/div><\/div><\/div><\/div><\/div><div class=\"vce-row-container\"><div class=\"vce-row vce-row--col-gap-30 vce-row-columns--top vce-row-content--top\" id=\"el-034f0b1b\" data-vce-do-apply=\"all el-034f0b1b\"><div class=\"vce-row-content\" data-vce-element-content=\"true\"><div class=\"vce-col vce-col--md-auto vce-col--xs-1 vce-col--xs-last vce-col--xs-first vce-col--sm-last vce-col--sm-first vce-col--md-last vce-col--lg-last vce-col--xl-last vce-col--md-first vce-col--lg-first vce-col--xl-first\" id=\"el-79c96dd8\"><div class=\"vce-col-inner\" data-vce-do-apply=\"border margin background  el-79c96dd8\"><div class=\"vce-col-content\" data-vce-element-content=\"true\" data-vce-do-apply=\"padding el-79c96dd8\"><div class=\"vce-widgets-container\"><div class=\"vce vce-widgets-wrapper\" id=\"el-45f7dd9e\" data-vce-do-apply=\"all el-45f7dd9e\"><div class=\"textwidget custom-html-widget\"><div style=\"text-align; background-color:#000;\">\n<p style=\"text-align: center;\"><a href=\"http:\/\/www.neworder.menu\" target=\"_blank\" style=\"text-decoration:none;\"><span style=\"color:#ffffff;\">New Order: QR Digital Menu <br By Grow Brands<\/span><\/a><\/p>\n\t<\/div><\/div><\/div><\/div><\/div><\/div><\/div><\/div><\/div><\/div>\n","protected":false},"excerpt":{"rendered":"<p>Horarios:Lunes a S\u00e1bado&nbsp;de 12:30 hs. a 15:30 hs. y 20:30 hs. a 00:00hsDomingo&nbsp;de&nbsp; 12:30 hs. a 15:00 hs.BEBIDAS&nbsp;MojitoRon Bacardi, jugo de lim\u00f3n, alm\u00edbar y menta- Cl\u00e1sico- Maracuy\u00e1- Frutos rojos$ 10.500Tom CollinsGin , alm\u00edbar y jugo de lim\u00f3n$ 11.000CaipirinhaCacha\u00e7a, alm\u00edbar y lim\u00f3n- Maracuy\u00e1- Frutos rojos$ 10.000Cynar &hellip; <\/p>\n","protected":false},"author":50,"featured_media":0,"parent":0,"menu_order":0,"comment_status":"closed","ping_status":"closed","template":"","meta":{"_monsterinsights_skip_tracking":false,"_monsterinsights_sitenote_active":false,"_monsterinsights_sitenote_note":"","_monsterinsights_sitenote_category":0,"footnotes":""},"coauthors":[102,104,117],"class_list":["post-68305","page","type-page","status-publish","hentry"],"_links":{"self":[{"href":"https:\/\/growbrands.net\/neworder\/wp-json\/wp\/v2\/pages\/68305","targetHints":{"allow":["GET"]}}],"collection":[{"href":"https:\/\/growbrands.net\/neworder\/wp-json\/wp\/v2\/pages"}],"about":[{"href":"https:\/\/growbrands.net\/neworder\/wp-json\/wp\/v2\/types\/page"}],"author":[{"embeddable":true,"href":"https:\/\/growbrands.net\/neworder\/wp-json\/wp\/v2\/users\/50"}],"replies":[{"embeddable":true,"href":"https:\/\/growbrands.net\/neworder\/wp-json\/wp\/v2\/comments?post=68305"}],"version-history":[{"count":21,"href":"https:\/\/growbrands.net\/neworder\/wp-json\/wp\/v2\/pages\/68305\/revisions"}],"predecessor-version":[{"id":89706,"href":"https:\/\/growbrands.net\/neworder\/wp-json\/wp\/v2\/pages\/68305\/revisions\/89706"}],"wp:attachment":[{"href":"https:\/\/growbrands.net\/neworder\/wp-json\/wp\/v2\/media?parent=68305"}],"wp:term":[{"taxonomy":"author","embeddable":true,"href":"https:\/\/growbrands.net\/neworder\/wp-json\/wp\/v2\/coauthors?post=68305"}],"curies":[{"name":"wp","href":"https:\/\/api.w.org\/{rel}","templated":true}]}}