{"id":34751,"date":"2021-05-06T12:36:42","date_gmt":"2021-05-06T15:36:42","guid":{"rendered":"https:\/\/growbrands.net\/neworder\/?page_id=34751"},"modified":"2022-06-10T18:36:25","modified_gmt":"2022-06-10T21:36:25","slug":"sao-sushi-entradas","status":"publish","type":"page","link":"https:\/\/growbrands.net\/neworder\/sao-sushi-entradas\/","title":{"rendered":"S\u00c3O Sushi &#8211; Entradas"},"content":{"rendered":"<div class=\"vce-row-container\"><div class=\"vce-row vce-element--has-background vce-row--col-gap-30 vce-row-columns--top vce-row-content--top\" id=\"el-1f096c6d\" data-vce-do-apply=\"all el-1f096c6d\"><div class=\"vce-content-background-container\"><div class=\"vce-asset-parallax-container vce-visible-all-only\" data-vce-assets-parallax=\".vce-asset-parallax\" data-vce-assets-parallax-speed=\"30\" data-vce-assets-parallax-reverse=\"false\"><div class=\"vce-asset-parallax\" style=\"top: -30vh; bottom: -30vh; transform: translateY(-19.0066vh);\"><div class=\"vce-asset-background-simple-container vce-visible-all-only vce-asset-background-simple--style-full-width vce-asset-background-simple--position-center-top\"><div class=\"vce-asset-background-simple\"><div class=\"vce-asset-background-simple-item\" style=\"background-image: url('https:\/\/growbrands.net\/neworder\/wp-content\/uploads\/2021\/05\/sao-homefondo.png');\"><\/div><\/div><\/div><\/div><\/div><\/div><div class=\"vce-row-content\" data-vce-element-content=\"true\"><div class=\"vce-col vce-col--md-auto vce-col--xs-1 vce-col--xs-last vce-col--xs-first vce-col--sm-last vce-col--sm-first vce-col--md-last vce-col--lg-last vce-col--xl-last vce-col--md-first vce-col--lg-first vce-col--xl-first\" id=\"el-999bc871\"><div class=\"vce-col-inner\" data-vce-do-apply=\"border margin background  el-999bc871\"><div class=\"vce-col-content\" data-vce-element-content=\"true\" data-vce-do-apply=\"padding el-999bc871\"><div class=\"vce-single-image-container vce-single-image--align-center\"><div class=\"vce vce-single-image-wrapper\" id=\"el-4eacadcc\" data-vce-do-apply=\"all el-4eacadcc\"><figure><div class=\"vce-single-image-inner vce-single-image--absolute vce-single-image--border-rounded\" style=\"padding-bottom: 177.778%; width: 576px;\"><img class=\"vce-single-image\" width=\"576\" height=\"1024\"src=\"https:\/\/growbrands.net\/neworder\/wp-content\/uploads\/2022\/06\/sao-homeentrada-576x1024.png\" srcset=\"https:\/\/growbrands.net\/neworder\/wp-content\/uploads\/2022\/06\/sao-homeentrada-320x569.png 320w,https:\/\/growbrands.net\/neworder\/wp-content\/uploads\/2022\/06\/sao-homeentrada-480x853.png 480w,https:\/\/growbrands.net\/neworder\/wp-content\/uploads\/2022\/06\/sao-homeentrada-576x1024.png 576w\" data-img-src=\"https:\/\/growbrands.net\/neworder\/wp-content\/uploads\/2021\/05\/sao-homeentrada.png\" alt=\"\" title=\"sao-homeentrada\" \/><\/div><figcaption hidden=\"\"><\/figcaption><\/figure><\/div><\/div><div class=\"vce-row-container\"><div class=\"vce-row vce-row--col-gap-30 vce-row-columns--top vce-row-content--top\" id=\"el-275c6cd6\" data-vce-do-apply=\"all el-275c6cd6\"><div class=\"vce-content-background-container\"><div class=\"vce-asset-parallax-container vce-visible-all-only\" data-vce-assets-parallax=\".vce-asset-parallax\" data-vce-assets-parallax-speed=\"30\" data-vce-assets-parallax-reverse=\"false\"><div class=\"vce-asset-parallax\" style=\"top: -30vh; bottom: -30vh; transform: translateY(-13.3577vh);\"><\/div><\/div><\/div><div class=\"vce-row-content\" data-vce-element-content=\"true\"><div class=\"vce-col vce-col--md-auto vce-col--xs-1 vce-col--xs-last vce-col--xs-first vce-col--sm-last vce-col--sm-first vce-col--md-last vce-col--lg-last vce-col--xl-last vce-col--md-first vce-col--lg-first vce-col--xl-first\" id=\"el-eb5479aa\"><div class=\"vce-col-inner\" data-vce-do-apply=\"border margin background  el-eb5479aa\"><div class=\"vce-col-content\" data-vce-element-content=\"true\" data-vce-do-apply=\"padding el-eb5479aa\"><div class=\"vce-row-container\"><div class=\"vce-row vce-row--col-gap-30 vce-row-columns--top vce-row-content--top\" id=\"el-335db691\" data-vce-do-apply=\"all el-335db691\"><div class=\"vce-row-content\" data-vce-element-content=\"true\"><div class=\"vce-col vce-col--md-auto vce-col--xs-1 vce-col--xs-last vce-col--xs-first vce-col--sm-last vce-col--sm-first vce-col--md-last vce-col--lg-last vce-col--xl-last vce-col--md-first vce-col--lg-first vce-col--xl-first\" id=\"el-e58d239d\"><div class=\"vce-col-inner\" data-vce-do-apply=\"border margin background  el-e58d239d\"><div class=\"vce-col-content\" data-vce-element-content=\"true\" data-vce-do-apply=\"padding el-e58d239d\"><div class=\"vce-row-container\"><div class=\"vce-row vce-row--col-gap-30 vce-row-columns--top vce-row-content--top\" id=\"el-9c105936\" data-vce-do-apply=\"all el-9c105936\"><div class=\"vce-content-background-container\"><\/div><div class=\"vce-row-content\" data-vce-element-content=\"true\"><div class=\"vce-col vce-col--md-auto vce-col--xs-1 vce-col--xs-last vce-col--xs-first vce-col--sm-last vce-col--sm-first vce-col--md-last vce-col--lg-last vce-col--xl-last vce-col--md-first vce-col--lg-first vce-col--xl-first\" id=\"el-2d54d5f2\"><div class=\"vce-col-inner\" data-vce-do-apply=\"border margin background  el-2d54d5f2\"><div class=\"vce-content-background-container\"><\/div><div class=\"vce-col-content\" data-vce-element-content=\"true\" data-vce-do-apply=\"padding el-2d54d5f2\"><div class=\"vce-text-block\"><div class=\"vce-text-block-wrapper vce\" id=\"el-4afb4dbf\" data-vce-do-apply=\"all el-4afb4dbf\"><table width=\"527\">\n<tbody>\n<tr style=\"border-bottom-style: none; border-bottom-width: 0px;\">\n<td width=\"447\"><span class=\"titulosao\">RABAS<\/span><\/td>\n<td style=\"text-align: right;\" width=\"80\">$1.350<\/td>\n<\/tr>\n<tr style=\"border-bottom-style: none; border-bottom-width: 0px;\">\n<td width=\"447\"><span class=\"titulosao\">SALM\u00d3N GRILL<\/span><\/td>\n<td style=\"text-align: right;\">&nbsp;<\/td>\n<\/tr>\n<tr>\n<td>Salm\u00f3n grillado acompa\u00f1ado con verduras al wok y arroz<\/td>\n<td style=\"text-align: right;\">&nbsp;$1.900<\/td>\n<\/tr>\n<tr style=\"border-bottom-style: none; border-bottom-width: 0px;\">\n<td width=\"447\"><span class=\"titulosao\">EBI FURAI<\/span><\/td>\n<\/tr>\n<tr>\n<td>(6 UNIDADES)<br>Langostinos rebozados en panko acompa\u00f1ados con salsa teriyaki<\/td>\n<td style=\"text-align: right;\">&nbsp;$ 1.200<\/td>\n<\/tr>\n<tr style=\"border-bottom-style: none; border-bottom-width: 0px;\">\n<td><span class=\"titulosao\">BASTONES<\/span><\/td>\n<\/tr>\n<tr style=\"border-bottom-style: none; border-bottom-width: 0px;\">\n<td>(6 UNIDADES)<\/td>\n<td style=\"text-align: right;\">&nbsp;<\/td>\n<\/tr>\n<tr>\n<td>JAM\u00d3N Y QUESO<\/td>\n<td style=\"text-align: right;\">&nbsp;$ 830<\/td>\n<\/tr>\n<tr>\n<td>QUESO<\/td>\n<td style=\"text-align: right;\">&nbsp;$ 830<\/td>\n<\/tr>\n<tr style=\"border-bottom-style: none; border-bottom-width: 0px;\">\n<td><span class=\"titulosao\">ARROLLADITOS PRIMAVERA<\/span><\/td>\n<td style=\"text-align: right;\">&nbsp;<\/td>\n<\/tr>\n<tr>\n<td width=\"447\"><strong>VERDURAS<\/strong><br>Verduras salteadas al wok<\/td>\n<td style=\"text-align: right;\">&nbsp;$ 830<\/td>\n<\/tr>\n<tr>\n<td width=\"447\"><strong>CARNE<\/strong><br>Verduras y carne salteados al wok<\/td>\n<td style=\"text-align: right;\">&nbsp;$ 900<\/td>\n<\/tr>\n<\/tbody>\n<\/table><\/div><\/div><div class=\"vce-text-block\"><div class=\"vce-text-block-wrapper vce\" id=\"el-1575797d\" data-vce-do-apply=\"all el-1575797d\"><p style=\"text-align: center;\"><strong><em><span style=\"color: #ffffff;\">Consulta el costo de nuestras salsas: Soja - Teriyaki -Wasabi - Agridulce - Jengibre<\/span><\/em><\/strong><\/p><\/div><\/div><\/div><\/div><\/div><\/div><\/div><\/div><\/div><\/div><\/div><\/div><\/div><\/div><\/div><\/div><\/div><\/div><\/div><\/div><div class=\"vce-row-container\"><div class=\"vce-row vce-row--col-gap-30 vce-row-columns--top vce-row-content--top\" id=\"el-4bb81bfe\" data-vce-do-apply=\"all el-4bb81bfe\"><div class=\"vce-row-content\" data-vce-element-content=\"true\"><div class=\"vce-col vce-col--md-auto vce-col--xs-1 vce-col--xs-last vce-col--xs-first vce-col--sm-last vce-col--sm-first vce-col--md-last vce-col--lg-last vce-col--xl-last vce-col--md-first vce-col--lg-first vce-col--xl-first\" id=\"el-78642ea0\"><div class=\"vce-col-inner\" data-vce-do-apply=\"border margin background  el-78642ea0\"><div class=\"vce-col-content\" data-vce-element-content=\"true\" data-vce-do-apply=\"padding el-78642ea0\"><div class=\"vce-text-block\"><div class=\"vce-text-block-wrapper vce\" id=\"el-66bd6b46\" data-vce-do-apply=\"all el-66bd6b46\"><h2 style=\"text-align: center;\"><span style=\"color: #ffffff;\"><a style=\"color: #ffffff;\" href=\"https:\/\/growbrands.net\/neworder\/saosushi-inicio\/\">VOLVER<\/a><\/span><\/h2><\/div><\/div><\/div><\/div><\/div><\/div><\/div><\/div><\/div><\/div><\/div><\/div><\/div><\/div>\n","protected":false},"excerpt":{"rendered":"<p>RABAS $1.350 SALM\u00d3N GRILL &nbsp; Salm\u00f3n grillado acompa\u00f1ado con verduras al wok y arroz &nbsp;$1.900 EBI FURAI (6 UNIDADES)Langostinos rebozados en panko acompa\u00f1ados con salsa teriyaki &nbsp;$ 1.200 BASTONES (6 UNIDADES) &nbsp; JAM\u00d3N Y QUESO &nbsp;$ 830 QUESO &nbsp;$ 830 ARROLLADITOS PRIMAVERA &nbsp; VERDURASVerduras salteadas &hellip; <\/p>\n","protected":false},"author":40,"featured_media":0,"parent":0,"menu_order":0,"comment_status":"closed","ping_status":"closed","template":"","meta":{"_monsterinsights_skip_tracking":false,"_monsterinsights_sitenote_active":false,"_monsterinsights_sitenote_note":"","_monsterinsights_sitenote_category":0,"footnotes":""},"coauthors":[79],"class_list":["post-34751","page","type-page","status-publish","hentry"],"_links":{"self":[{"href":"https:\/\/growbrands.net\/neworder\/wp-json\/wp\/v2\/pages\/34751","targetHints":{"allow":["GET"]}}],"collection":[{"href":"https:\/\/growbrands.net\/neworder\/wp-json\/wp\/v2\/pages"}],"about":[{"href":"https:\/\/growbrands.net\/neworder\/wp-json\/wp\/v2\/types\/page"}],"author":[{"embeddable":true,"href":"https:\/\/growbrands.net\/neworder\/wp-json\/wp\/v2\/users\/40"}],"replies":[{"embeddable":true,"href":"https:\/\/growbrands.net\/neworder\/wp-json\/wp\/v2\/comments?post=34751"}],"version-history":[{"count":21,"href":"https:\/\/growbrands.net\/neworder\/wp-json\/wp\/v2\/pages\/34751\/revisions"}],"predecessor-version":[{"id":53286,"href":"https:\/\/growbrands.net\/neworder\/wp-json\/wp\/v2\/pages\/34751\/revisions\/53286"}],"wp:attachment":[{"href":"https:\/\/growbrands.net\/neworder\/wp-json\/wp\/v2\/media?parent=34751"}],"wp:term":[{"taxonomy":"author","embeddable":true,"href":"https:\/\/growbrands.net\/neworder\/wp-json\/wp\/v2\/coauthors?post=34751"}],"curies":[{"name":"wp","href":"https:\/\/api.w.org\/{rel}","templated":true}]}}